0895 and 317188314.
2179
Calculate the greatest common factor of 4546008 and 31518.
1854
What is the greatest common divisor of 121567771 and 2015?
403
Calculate the greatest common factor of 463388458 and 710.
142
What is the greatest common divisor of 423228 and 3536?
52
Calculate the greatest common divisor of 18468 and 12167496.
972
Calculate the greatest common divisor of 8522691 and 333.
111
What is the greatest common divisor of 5115047 and 3059?
133
What is the greatest common factor of 6805897 and 7?
7
Calculate the greatest common factor of 17626 and 7518.
14
Calculate the highest common divisor of 24341528 and 13856.
3464
What is the greatest common divisor of 172949 and 107595?
797
What is the highest common factor of 179 and 128945335?
179
Calculate the highest common factor of 919740 and 16080.
60
Calculate the greatest common divisor of 755 and 12512615.
755
What is the highest common divisor of 1089 and 35207073?
99
Calculate the highest common factor of 79095861 and 27.
9
What is the highest common divisor of 13159420 and 740?
740
What is the greatest common factor of 213191 and 7249?
11
Calculate the greatest common divisor of 3732 and 16892276.
1244
Calculate the greatest common factor of 136 and 344944.
8
Calculate the greatest common factor of 33499 and 23949616.
241
What is the greatest common divisor of 33792419 and 626?
313
What is the highest common factor of 265456260 and 180?
180
What is the highest common factor of 24579016 and 128?
8
Calculate the highest common divisor of 228403 and 469.
469
What is the greatest common factor of 420 and 19247319?
21
What is the greatest common factor of 19724913 and 5967?
1989
Calculate the highest common divisor of 2864 and 530144.
16
What is the greatest common divisor of 1170 and 19153770?
30
What is the greatest common factor of 6822 and 7776?
18
Calculate the greatest common factor of 2 and 9448448.
2
What is the greatest common factor of 1549948 and 844120?
1796
What is the greatest common factor of 17724545 and 3340?
835
What is the highest common factor of 12051 and 16338816?
117
Calculate the greatest common factor of 8078990 and 108070.
1010
Calculate the highest common factor of 2638507 and 31967.
2459
Calculate the greatest common divisor of 60088522 and 156.
26
What is the greatest common factor of 2427348 and 59274?
222
What is the highest common divisor of 1153413 and 4860?
27
What is the highest common divisor of 121518 and 2970126?
2826
What is the greatest common factor of 9730 and 20711?
139
Calculate the highest common factor of 7792 and 85300972.
1948
Calculate the highest common divisor of 636202 and 61712.
406
What is the greatest common factor of 576 and 2394096?
48
Calculate the greatest common divisor of 187495 and 907830.
385
What is the highest common divisor of 296971425 and 342?
171
Calculate the greatest common divisor of 277970 and 27830.
110
What is the greatest common factor of 28646876 and 376?
188
What is the greatest common divisor of 72 and 20021028?
12
Calculate the highest common divisor of 136 and 141224474.
34
What is the highest common factor of 298834965 and 2475?
495
What is the highest common factor of 48 and 7173684?
12
What is the highest common factor of 160578201 and 42?
21
Calculate the greatest common divisor of 2661906 and 156.
78
Calculate the greatest common factor of 1937 and 90132186.
149
What is the greatest common divisor of 536119 and 1912342?
5527
Calculate the highest common divisor of 810 and 3348270.
270
Calculate the highest common divisor of 4788319 and 27111.
1291
What is the greatest common factor of 15084879 and 58311?
1767
Calculate the greatest common factor of 27807202 and 925.
37
What is the highest common divisor of 1261772 and 141044?
3812
Calculate the greatest common factor of 102 and 552055671.
51
What is the greatest common factor of 176140 and 320?
20
What is the highest common divisor of 212066112 and 60?
12
What is the highest common factor of 66781809 and 261?
261
What is the greatest common divisor of 59616 and 10774971?
621
What is the highest common factor of 1909 and 9468059?
83
What is the greatest common divisor of 957 and 281048889?
957
What is the greatest common factor of 291499 and 75803?
221
Calculate the highest common divisor of 181558 and 32396.
26
What is the greatest common divisor of 3024 and 2876496?
336
What is the highest common divisor of 71075 and 27850?
25
What is the highest common factor of 2191028 and 86513?
119
What is the highest common factor of 14463 and 20032862?
1607
What is the greatest common divisor of 9 and 228807?
9
What is the greatest common divisor of 713622 and 105378?
546
What is the greatest common factor of 805434 and 1696212?
5334
What is the greatest common divisor of 24 and 5001096?
24
What is the greatest common factor of 3596700 and 855?
285
What is the greatest common factor of 1126 and 16832011?
563
Calculate the greatest common divisor of 8000 and 316660000.
4000
What is the greatest common factor of 4964216 and 4?
4
Calculate the highest common factor of 476338775 and 1375.
275
Calculate the greatest common divisor of 35287416 and 216.
72
What is the highest common factor of 10109394 and 117?
9
Calculate the highest common factor of 533 and 9614735.
13
What is the highest common divisor of 85 and 146098017?
17
What is the highest common factor of 1190278 and 2?
2
Calculate the highest common factor of 1 and 59031989.
1
Calculate the highest common divisor of 5498792 and 885980.
5716
Calculate the greatest common factor of 895885 and 19805.
1165
What is the greatest common factor of 24012 and 975357?
261
Calculate the greatest common divisor of 154381386 and 102.
102
What is the highest common divisor of 8415 and 97427?
187
Calculate the highest common factor of 49 and 3677996.
7
Calculate the greatest common factor of 19773358 and 24992.
1562
What is the greatest common factor of 88966713 and 11?
11
What is the highest common factor of 14101018 and 145?
29
Calculate the greatest common divisor of 326518572 and 1068.
1068
What is the greatest common divisor of 296 and 168005641?
37
What is the greatest common factor of 204750 and 16983330?
2730
What is the highest common factor of 93 and 1003881?
3
What is the greatest common divisor of 8651 and 644151?
41
Calculate the highest common factor of 730549 and 127489.
529
What is the greatest common divisor of 122292 and 468?
36
Calculate the highest common divisor of 1628 and 1157662.
22
Calculate the highest common divisor of 77029458 and 2332.
1166
Calculate the greatest common factor of 166238 and 44459.
1933
What is the highest common factor of 384 and 299289?
3
Calculate the highest common factor of 2544 and 44726064.
2544
What is the highest common divisor of 1 and 2884433?
1
Calculate the greatest common factor of 278886 and 4306947.
2631
What is the greatest common factor of 6222617 and 25299?
937
Calculate the greatest common factor of 3952353440 and 32.
32
What is the greatest common factor of 15 and 726155220?
15
Calculate the highest common divisor of 3488 and 953376.
32
Calculate the greatest common factor of 44 and 94140563.
11
What is the greatest common divisor of 11941633 and 17?
17
What is the highest common factor of 128521374 and 6?
6
What is the highest common divisor of 152 and 9512863?
19
Calculate the highest common divisor of 845524 and 40582.
394
Calculate the greatest common factor of 7597 and 197735.
71
What is the highest common divisor of 5240 and 5952378?
262
What is the highest common factor of 279 and 4602987?
9
What is the highest common divisor of 394116 and 1596?
12
What is the greatest common divisor of 169367 and 241813?
979
Calculate the highest common divisor of 493 and 836867500.
493
What is the greatest common factor of 65925 and 8095?
5
Calculate the greatest common factor of 1775607 and 532.
19
What is the highest common divisor of 871 and 65727?
67
What is the highest common factor of 1589 and 4708?
1
What is the greatest common factor of 160952 and 969606?
1298
Calculate the highest common divisor of 394234928 and 7152.
2384
Calculate the greatest common divisor of 492 and 469989068.
164
Calculate the highest common divisor of 11406 and 66.
6
Calculate